23?
23
In base 3, what is 2100 + 10?
2110
In base 13, what is 1a - 3?
17
In base 3, what is 12210100 - 12?
12210011
In base 5, what is 4 - 203?
-144
In base 13, what is 380 + 5?
385
In base 16, what is 55fb - 1?
55fa
In base 5, what is 0 - 213?
-213
In base 5, what is -130 - -1411?
1231
In base 4, what is 102 + -21?
21
In base 7, what is -26 + 40?
11
In base 11, what is 4 - 4065?
-4061
In base 11, what is 60 + 2?
62
In base 6, what is 125 + 3?
132
In base 5, what is 10 - -1?
11
In base 13, what is -2 - 408?
-40a
In base 6, what is -11000 + 2?
-10554
In base 6, what is -4 + 321?
313
In base 12, what is 22 + -b2?
-90
In base 12, what is 110a9 - 2?
110a7
In base 16, what is -745 + 9?
-73c
In base 8, what is -31 - 305?
-336
In base 8, what is 224 - -3?
227
In base 15, what is -3 - -34?
31
In base 3, what is 11012 + -1?
11011
In base 4, what is 123301 + -10?
123231
In base 7, what is 6 + -356?
-350
In base 2, what is -11100010 + -10111?
-11111001
In base 3, what is -10210 + -11?
-10221
In base 3, what is 12 + 1020?
1102
In base 12, what is 58 - -1?
59
In base 8, what is 32 - 43?
-11
In base 4, what is 1 - 1?
0
In base 7, what is 1 + 2106?
2110
In base 11, what is -7870 + -5?
-7875
In base 13, what is 2 - -3a3?
3a5
In base 16, what is -370 - -2?
-36e
In base 9, what is 126 + -8?
117
In base 4, what is -31 + 201?
110
In base 16, what is 1e + 6?
24
In base 14, what is -86 + d?
-77
In base 10, what is 6 - -41?
47
In base 6, what is 3 + -502?
-455
In base 10, what is -6 - -27?
21
In base 5, what is -330 - 21?
-401
In base 4, what is 0 - 33?
-33
In base 16, what is 2 + 65?
67
In base 5, what is -113 - -1?
-112
In base 10, what is 126 + -3?
123
In base 13, what is -3 + 22?
1c
In base 2, what is 11000 - -111011000?
111110000
In base 3, what is -21 + -12220?
-20011
In base 3, what is 10112110 - 2?
10112101
In base 4, what is 2 + 1201?
1203
In base 15, what is 743 - -3?
746
In base 10, what is 20 + 364?
384
In base 6, what is 4 - 154?
-150
In base 7, what is -22025 - -2?
-22023
In base 2, what is 10101 - 10110?
-1
In base 14, what is 40 - -9?
49
In base 16, what is 2 + -64?
-62
In base 7, what is 500 + 5?
505
In base 14, what is -1 + 18?
17
In base 16, what is -45 - 24?
-69
In base 10, what is -7 - -2839?
2832
In base 6, what is -45 + 10?
-35
In base 16, what is 5 + 23?
28
In base 12, what is 87 - 0?
87
In base 2, what is 11000010 - 100?
10111110
In base 9, what is 6 - -52?
58
In base 9, what is 5306 - -8?
5315
In base 2, what is 10001111010 - 1110?
10001101100
In base 12, what is 5b + -35?
26
In base 3, what is -100001200 - 12?
-100001212
In base 9, what is 2 + -2035?
-2033
In base 7, what is -2 - -25?
23
In base 5, what is -422 - -3?
-414
In base 8, what is -12 - 31?
-43
In base 9, what is -1 + -782?
-783
In base 3, what is -1011 + -12?
-1100
In base 12, what is 0 - -248?
248
In base 11, what is 1 - 83a?
-839
In base 8, what is 210 + -11?
177
In base 13, what is 116 + 5?
11b
In base 8, what is 372 + 5?
377
In base 8, what is 1 + 10?
11
In base 9, what is -11 - 11?
-22
In base 4, what is -1020030 - 11?
-1020101
In base 10, what is -735 - 5?
-740
In base 3, what is -12020 - 10?
-12100
In base 7, what is -1 - -13055?
13054
In base 4, what is 2012 + -2031?
-13
In base 8, what is 11352 + -4?
11346
In base 12, what is -4 + 159?
155
In base 16, what is -39 + f?
-2a
In base 10, what is -197 + 0?
-197
In base 8, what is 47 - 3?
44
In base 2, what is -10 + -1100?
-1110
In base 16, what is 3 - -143?
146
In base 13, what is 17a9 + 0?
17a9
In base 12, what is -2 + -46?
-48
In base 4, what is 313 - -11?
330
In base 4, what is -333 + -10?
-1003
In base 8, what is -1043 - 2?
-1045
In base 12, what is 143 - -5?
148
In base 10, what is -90 + 3?
-87
In base 16, what is -3 - -f2?
ef
In base 8, what is -4 - 3?
-7
In base 4, what is 1 - -1002?
1003
In base 2, what is 10000110100 - 10?
10000110010
In base 2, what is 1100010 + 1?
1100011
In base 10, what is -28 + 496?
468
In base 13, what is 2c - -39?
68
In base 6, what is 334 + -2?
332
In base 3, what is 22 + -111202?
-111110
In base 15, what is -b3 + -4?
-b7
In base 13, what is 25 - -46?
6b
In base 6, what is 3002 + -4?
2554
In base 8, what is -6 - -103?
75
In base 8, what is 205 - 0?
205
In base 13, what is 204 + 1?
205
In base 6, what is -145 - 3?
-152
In base 2, what is -1 + -1110111001?
-1110111010
In base 15, what is 2 - 17?
-15
In base 13, what is -10ba - 3?
-10c0
In base 7, what is -240 - -4?
-233
In base 16, what is -26f6 - -4?
-26f2
In base 10, what is 4 - -1411?
1415
In base 10, what is 27987 + 2?
27989
In base 12, what is 56b1 - 2?
56ab
In base 10, what is -8 - 38?
-46
In base 10, what is 1084 - 1?
1083
In base 13, what is 6 + 28?
31
In base 7, what is 10 - -5?
15
In base 16, what is 2 + -22a?
-228
In base 8, what is -161 + -14?
-175
In base 7, what is -3 + 3153?
3150
In base 6, what is -245 + -5?
-254
In base 10, what is -9 - -19?
10
In base 10, what is -2 - -44?
42
In base 14, what is -13 + -397?
-3aa
In base 8, what is 5 - 113?
-106
In base 16, what is -ea + -4?
-ee
In base 8, what is -4 - 1171?
-1175
In base 12, what is 0 - 59?
-59
In base 14, what is -775 - -1?
-774
In base 4, what is 1300 - -210?
2110
In base 9, what is -6 + -101?
-107
In base 7, what is -565 - 5?
-603
In base 9, what is 42 + 4?
46
In base 2, what is -101 + 1000001110?
1000001001
In base 2, what is 110 + 101000100000?
101000100110
In base 10, what is 15 + 4?
19
In base 9, what is -12 + -23?
-35
In base 15, what is -2d2 + 3?
-2ce
In base 10, what is -18 - -1?
-17
In base 16, what is -1f9 + -d?
-206
In base 2, what is 111 + -10000000?
-1111001
In base 7, what is -13 + 142?
126
In base 9, what is 0 - -66?
66
In base 10, what is -3505 + -5?
-3510
In base 16, what is -a - -38?
2e
In base 3, what is -11022 - -12?
-11010
In base 5, what is 2 + -3332?
-3330
In base 8, what is 4 + 1?
5
In base 10, what is -5 + 898?
893
In base 9, what is -2241 + -4?
-2245
In base 14, what is -8 - 2a?
-34
In base 13, what is -8 + -31?
-39
In base 13, what is 108 - -24?
12c
In base 11, what is 1489 - 1?
1488
In base 16, what is 1f84 - -5?
1f89
In base 10, what is -1 + -755?
-756
In base 15, what is -2a - 1?
-2b
In base 6, what is 30 - -544?
1014
In base 14, what is -4c8 + 3?
-4c5
In base 16, what is -9 - -1b7?
1ae
In base 11, what is 733 - 6?
728
In base 4, what is 2102 - -3?
2111
In base 10, what is -26 + -8?
-34
In base 9, what is 3 - 317?
-314
In base 13, what is -215 - -3?
-212
In base 12, what is 462 - -1?
463
In base 11, what is 0 + -38?
-38
In base 7, what is -5 + 553?
545
In base 5, what is 223044 - -3?
223102
In base 12, what is -4 - -9a?
96
In base 5, what is -4 - 240?
-244
In base 15, what is -9 + c9?
c0
In base 3, what is 20120 + 2?
20122
In base 8, what is -4 + -140?
-144
In base 7, what is 4121 - 5?
4113
In base 12, what is -140 + 5?
-137
In base 11, what is -31 + 3?
-29
In base 15, what is -1 - ab?
-ac
In base 11, what is 670 + 5?
675
In base 9, what is 6153 + -3?
6150
In base 9, what is 638 - -4?
643
In base 2, what is -11 + 10011000101000?
10011000100101
In base 2, what is -10 + 10000111?
10000101
In base 12, what is 123 - -34?
157
In base 10, what is 84 + -2?
82
In base 15, what is 5 - 1?
4
In base 8, what is 537 - -4?
543
In base 9, what is 106 + -5?
101
In base 6, what is 0 + -214?
-214
In base 11, what is -18 + 9?
-a
In base 6, what is -1323 + 0?
-1323
In base 11, what is -5 - -78?
73
In base 5, what is 2 - -14?
21
In base 10, what is -4830 + 2?
-4828
In base 12, what is -11 - 4?
-15
In base 16, what is -547 + 10?
-537
In base 2, what is -1 + -1011101110?
-1011101111
In base 12, what is 145 + -4?
141
In base 4, what is -1023 - -113?
-310
In base 12, what is -36 - -44?
a
In base 2, what is -1001001 + 101?
-1000100
In base 12, what is 31 - -29?
5a
In base 13, what is 314 + -5?
30c
In base 9, what is 16 - -50?
66
In base 8, what is -2 + -46?
-50
In base 3, what is -12 - -10011?
2222
In base 6, what is -10 + 134?
124
In base 2, what is 100001010 + -111?
100000011
In base 10, what is 0 - 39?
-39
In base 12, what is 156a - -2?
1570
In base 13, what is 1 - -83?
84
In base 15, what is 1 + -c3?
-c2
In base 3, what is -22012 + -201?
-22220
In base 8, what is -44 - 25?
-71
In base 5, what is -1343 + 0?
-1343
In base 3, what is 11 + 221101?
221112
In base 7,